umber?
False
Is 84986142037 a composite number?
False
Is 12258701321 a prime number?
False
Is 91362841 prime?
True
Is 1891787357 prime?
False
Is 151293496619 a composite number?
False
Is 236344847 composite?
True
Is 12785229263 a composite number?
False
Is 56798604341 a composite number?
True
Is 2010743827 a composite number?
False
Is 368224201 prime?
True
Is 956094389 a composite number?
False
Is 156311617027 a prime number?
True
Is 1128811969 prime?
True
Is 2766713 composite?
False
Is 924865607 composite?
False
Is 87042172649 prime?
False
Is 13424779409 a composite number?
False
Is 899060021 a prime number?
True
Is 162770879 a prime number?
True
Is 7760330437 a prime number?
False
Is 137639611 a prime number?
False
Is 56133887 a composite number?
False
Is 1668664367 a prime number?
True
Is 627672109 prime?
True
Is 25330778087 prime?
True
Is 1722143237 a composite number?
False
Is 1778091703 composite?
True
Is 24781241057 a prime number?
True
Is 11726527823 composite?
False
Is 3926867603 composite?
False
Is 186109423 composite?
True
Is 2047979041 prime?
False
Is 10574648905 composite?
True
Is 767533469 composite?
True
Is 64876597598 composite?
True
Is 286464361 a composite number?
True
Is 5078666407 composite?
False
Is 1612064449 composite?
True
Is 298681519 prime?
False
Is 32709606887 a composite number?
True
Is 36949351111 composite?
False
Is 114769971623 composite?
False
Is 1564988389 composite?
False
Is 9857039573 prime?
True
Is 811131331 composite?
True
Is 7939386643 prime?
True
Is 122071589 a composite number?
False
Is 42744853237 composite?
False
Is 36074732387 prime?
True
Is 394665197 prime?
True
Is 1126185299 a prime number?
True
Is 59717854697 a composite number?
False
Is 50071332713 a prime number?
True
Is 20304616699 prime?
False
Is 1356142757 prime?
True
Is 339988081 prime?
True
Is 3031120403 prime?
False
Is 37111849 a prime number?
True
Is 821021717 composite?
False
Is 10591948321 a composite number?
False
Is 802459543 a prime number?
False
Is 870402439 a prime number?
True
Is 420235007 prime?
True
Is 223676819 composite?
False
Is 8448192317 prime?
True
Is 1293953879 a composite number?
True
Is 8562109979 prime?
True
Is 78043232413 a composite number?
True
Is 15354623503 composite?
False
Is 11420351653 a prime number?
True
Is 7922220419 a prime number?
True
Is 2666810941 a prime number?
True
Is 38200711639 composite?
False
Is 3868620961 composite?
False
Is 38315385001 prime?
True
Is 7224311995 a prime number?
False
Is 468522241 prime?
False
Is 2377198003 composite?
False
Is 1190187253 composite?
False
Is 2705338799 a prime number?
False
Is 9067662647 composite?
False
Is 93692891 a prime number?
True
Is 22820213181 prime?
False
Is 40885762613 composite?
False
Is 771319709 composite?
True
Is 662478013 a composite number?
True
Is 1037327 prime?
True
Is 39532122697 prime?
True
Is 2055867377 a prime number?
False
Is 39434245483 composite?
True
Is 350703156527 a prime number?
True
Is 574218031 prime?
False
Is 467999639 a composite number?
False
Is 5344979807 prime?
True
Is 2276444659 a prime number?
True
Is 66309931 composite?
False
Is 8969965159 prime?
False
Is 167800007623 a composite number?
True
Is 180858253 a prime number?
False
Is 36773703766 composite?
True
Is 11002824661 composite?
True
Is 4534098841 prime?
True
Is 47971038763 composite?
False
Is 76082673533 prime?
True
Is 283015543 a composite number?
True
Is 15410995913 prime?
True
Is 2759553614 a prime number?
False
Is 11096593973 a composite number?
True
Is 6381405859 a composite number?
False
Is 550560541 prime?
False
Is 411012241 prime?
True
Is 491536505 a prime number?
False
Is 165374309143 a prime number?
True
Is 369159053 prime?
False
Is 7454580811 prime?
True
Is 11792920033 a composite number?
True
Is 7909445969 a composite number?
False
Is 6494889667 composite?
True
Is 2745867349 a composite number?
True
Is 25055365927 a composite number?
True
Is 680271681 composite?
True
Is 5809623343 composite?
True
Is 15852406223 prime?
True
Is 31665666891 prime?
False
Is 17353267 a composite number?
True
Is 29879036701 a composite number?
True
Is 3374965981 a composite number?
True
Is 39470222027 composite?
False
Is 2717961713 a composite number?
True
Is 866173999 composite?
True
Is 42708013 a composite number?
True
Is 696631973 a composite number?
True
Is 37344236363 a composite number?
True
Is 1957414939 composite?
True
Is 274554697 a composite number?
False
Is 3735801419 a prime number?
False
Is 598799062 composite?
True
Is 1465372669 composite?
False
Is 445499591 composite?
True
Is 3065608913 a prime number?
True
Is 484148537 composite?
True
Is 1376514677 a composite number?
False
Is 545877511 prime?
True
Is 2854804858 a composite number?
True
Is 608302393 a composite number?
False
Is 322740311 a composite number?
False
Is 19107702209 prime?
True
Is 18899377507 a prime number?
False
Is 622413427 composite?
False
Is 636519809 prime?
False
Is 2202151969 prime?
True
Is 3698681923 prime?
True
Is 17248996547 a composite number?
True
Is 3096354587 prime?
False
Is 1953185357 composite?
True
Is 26339064233 a prime number?
True
Is 5070850157 a prime number?
True
Is 3233624197 a prime number?
True
Is 19960890817 a composite number?
True
Is 251166869 composite?
False
Is 2301553157 prime?
True
Is 19068003939 composite?
True
Is 4372213649 prime?
True
Is 16962473813 composite?
False
Is 69097772599 composite?
False
Is 5922417331 a prime number?
False
Is 920208383 composite?
True
Is 266509235 composite?
True
Is 813853841 prime?
False
Is 23294470477 a prime number?
True
Is 16616190131 composite?
False
Is 8077938697 prime?
True
Is 1923659707 composite?
False
Is 1916388391 a composite number?
False
Is 955118797 a prime number?
True
Is 415087247 prime?
True
Is 359216423 a prime number?
True
Is 74777724766 a prime number?
False
Is 775784683 prime?
False
Is 980104459 a composite number?
True
Is 274302423971 prime?
True
Is 42621973327 composite?
False
Is 132527952863 a composite number?
True
Is 13181201261 composite?
True
Is 67546229759 composite?
False
Is 6779015 a prime number?
False
Is 822066001 a prime number?
True
Is 76819581253 composite?
False
Is 19608348941 composite?
False
Is 457738213 a composite number?
False
Is 3774551809 a composite number?
True
Is 883156951 composite?
True
Is 501063691 a composite number?
False
Is 18407272463 a composite number?
True
Is 2462762551 a prime number?
True
Is 2392794623 a prime number?
True
Is 1927704193 prime?
True
Is 15038448613 a composite number?
True
Is 25224883961 a prime number?
True
Is 515263429 a prime number?
True
Is 1766240327 a composite number?
False
Is 456408569 a composite number?
False
Is 220458191 a composite number?
True
Is 6289563031 prime?
False
Is 213856043 prime?
False
Is 1138606267 prime?
True
Is 70699572947 composite?
True
Is 17770434029 a composite number?
True
Is 13395377173 composite?
False
Is 11503721843 composite?
False
Is 3382044307 prime?
False
Is 356667169 a composite number?
True
Is 21828582341 prime?
True
Is 7524122611 composite?
True
Is 213303490459 a prime number?
True
Is 377693101 a prime number?
False
Is 57883094107 a prime number?
False
Is 623183959 composite?
False
Is 35088709373 prime?
False
Is 17322835099 a composite number?
True
Is 1618352293 composite?
True
Is 11850286511 composite?
True
Is 2303669837 a composite number?
True
Is 6556679405 composite?
True
Is 5998358283 a prime number?
False
Is 860494669 composite?
False
Is 283507813 composite?
True
Is 936889367 a prime number?
True
Is 14659506359 prime?
True
Is 125101259 a composite number?
False
Is 913961797 composite?
True
Is 3573201133 prime?
False
Is 108974109581 composite?
False
Is 186121255 a prime number?
False
Is 1128151097 prime?
False
Is 6694954397 composite?
False
Is 25039853677 prime?
False
Is 2507442239 a prime number?
False
Is 58560229669 a composite number?
True
Is 122867999 a prime number?
True
Is 997207091 prime?
False
Is 14417407909 a prime number?
True
Is 113023934791 a prime number?
False
Is 12269878189 prime?
False
Is 1583164123 a composite number?
False
Is 15546549539 prime?
True
Is 8188063763 a prime number?
False
Is 10001777 composite?
False
Is 14672644559 a prime number?
True
Is 9788146517 a composite number?
False
Is 362925727 a pr